 240?
48
Calculate the greatest common factor of 76 and 2033.
19
What is the greatest common divisor of 212 and 14?
2
What is the greatest common factor of 300 and 220?
20
What is the highest common divisor of 986 and 232?
58
Calculate the highest common divisor of 9 and 24.
3
What is the highest common divisor of 3 and 192?
3
What is the greatest common factor of 23 and 1817?
23
What is the highest common factor of 8 and 5128?
8
What is the greatest common factor of 7 and 4?
1
What is the highest common divisor of 1070 and 170?
10
What is the greatest common divisor of 59 and 18703?
59
What is the greatest common factor of 32 and 304?
16
Calculate the highest common divisor of 308 and 84.
28
What is the greatest common divisor of 1024 and 160?
32
Calculate the highest common divisor of 195 and 234.
39
What is the greatest common factor of 119 and 70?
7
What is the greatest common divisor of 4464 and 54?
18
Calculate the highest common factor of 2394 and 126.
126
Calculate the highest common factor of 88 and 1.
1
What is the greatest common factor of 6 and 26?
2
What is the highest common factor of 55 and 319?
11
What is the highest common factor of 230 and 10?
10
What is the greatest common divisor of 5587 and 151?
151
Calculate the greatest common divisor of 1326 and 1122.
102
Calculate the highest common divisor of 1584 and 583.
11
Calculate the greatest common divisor of 80 and 3280.
80
What is the greatest common divisor of 4169 and 22?
11
What is the highest common divisor of 3888 and 144?
144
Calculate the highest common factor of 256 and 19392.
64
What is the greatest common factor of 965 and 5?
5
Calculate the greatest common factor of 118 and 531.
59
What is the highest common factor of 2492 and 56?
28
Calculate the greatest common divisor of 24 and 1008.
24
Calculate the highest common divisor of 78 and 24.
6
Calculate the greatest common divisor of 336 and 2416.
16
Calculate the greatest common divisor of 15 and 120.
15
What is the highest common factor of 260 and 468?
52
Calculate the highest common factor of 3546 and 81.
9
What is the greatest common factor of 2106 and 1989?
117
Calculate the greatest common divisor of 40 and 190.
10
What is the greatest common divisor of 198 and 180?
18
What is the highest common divisor of 18 and 666?
18
What is the greatest common divisor of 13024 and 44?
44
Calculate the highest common factor of 123 and 2501.
41
Calculate the greatest common factor of 351 and 297.
27
What is the greatest common factor of 1853 and 3?
1
Calculate the highest common divisor of 15821 and 13.
13
Calculate the highest common divisor of 133 and 2128.
133
Calculate the highest common factor of 546 and 378.
42
Calculate the highest common factor of 56 and 140.
28
What is the highest common divisor of 529 and 23?
23
Calculate the highest common divisor of 76 and 1976.
76
What is the highest common divisor of 13480 and 8?
8
What is the greatest common divisor of 102 and 867?
51
Calculate the highest common divisor of 1846 and 130.
26
What is the greatest common divisor of 147 and 105?
21
Calculate the highest common divisor of 8618 and 62.
62
What is the highest common factor of 11427 and 13?
13
Calculate the greatest common divisor of 36 and 788.
4
What is the greatest common divisor of 14 and 742?
14
Calculate the highest common factor of 414 and 345.
69
Calculate the highest common factor of 403 and 689.
13
What is the greatest common divisor of 2512 and 16?
16
Calculate the highest common factor of 216 and 2952.
72
Calculate the highest common factor of 323 and 19.
19
What is the highest common divisor of 75 and 625?
25
What is the greatest common divisor of 66 and 198?
66
Calculate the highest common factor of 36 and 204.
12
Calculate the highest common factor of 32 and 4.
4
Calculate the highest common divisor of 118 and 2537.
59
Calculate the greatest common divisor of 20839 and 182.
91
Calculate the greatest common factor of 702 and 156.
78
What is the greatest common factor of 424 and 2173?
53
Calculate the greatest common divisor of 11674 and 26.
26
Calculate the highest common divisor of 400 and 3100.
100
Calculate the greatest common divisor of 186 and 339.
3
What is the greatest common factor of 186 and 1023?
93
What is the greatest common factor of 31 and 4712?
31
What is the greatest common divisor of 570 and 342?
114
What is the highest common divisor of 765 and 225?
45
What is the highest common factor of 3775 and 75?
25
What is the greatest common factor of 99 and 792?
99
What is the greatest common divisor of 54 and 1854?
18
What is the highest common divisor of 38 and 5282?
38
Calculate the highest common divisor of 10 and 2284.
2
Calculate the greatest common factor of 195 and 793.
13
What is the highest common divisor of 420 and 15260?
140
What is the highest common factor of 924 and 14?
14
What is the highest common factor of 7 and 141?
1
What is the greatest common divisor of 1296 and 880?
16
Calculate the highest common divisor of 4773 and 407.
37
What is the greatest common divisor of 525 and 7175?
175
Calculate the highest common factor of 665 and 140.
35
Calculate the highest common divisor of 1643 and 1519.
31
Calculate the highest common factor of 1701 and 42.
21
Calculate the highest common divisor of 11 and 671.
11
Calculate the highest common factor of 121 and 55.
11
What is the greatest common divisor of 2 and 96?
2
What is the greatest common factor of 812 and 696?
116
Calculate the highest common factor of 304 and 16.
16
What is the highest common factor of 8323 and 123?
41
Calculate the highest common factor of 44 and 374.
22
What is the greatest common divisor of 2992 and 340?
68
What is the greatest common factor of 42 and 546?
42
What is the greatest common divisor of 22 and 319?
11
Calculate the greatest common factor of 40 and 180.
20
Calculate the greatest common factor of 1166 and 88.
22
What is the highest common factor of 87 and 15?
3
What is the highest common factor of 14 and 4466?
14
Calculate the highest common divisor of 5 and 1595.
5
What is the greatest common factor of 590 and 20?
10
Calculate the highest common divisor of 835 and 5.
5
What is the greatest common factor of 22 and 8041?
11
What is the highest common factor of 2277 and 115?
23
What is the greatest common divisor of 260 and 230?
10
Calculate the highest common divisor of 8383 and 249.
83
Calculate the greatest common factor of 52 and 286.
26
Calculate the highest common factor of 702 and 270.
54
Calculate the highest common divisor of 77 and 252.
7
What is the greatest common factor of 195 and 91?
13
What is the greatest common factor of 4 and 4132?
4
What is the highest common factor of 126 and 288?
18
What is the greatest common divisor of 33085 and 26?
13
Calculate the highest common divisor of 12 and 1452.
12
What is the greatest common divisor of 6358 and 198?
22
What is the highest common divisor of 245 and 1400?
35
What is the highest common factor of 20 and 500?
20
What is the highest common factor of 683 and 1?
1
What is the greatest common divisor of 832 and 21424?
208
What is the greatest common divisor of 282 and 6?
6
Calculate the highest common factor of 23 and 851.
23
Calculate the highest common divisor of 9 and 417.
3
What is the greatest common factor of 135 and 243?
27
Calculate the highest common divisor of 42 and 114.
6
Calculate the highest common divisor of 578 and 10.
2
Calculate the highest common factor of 95 and 19.
19
Calculate the greatest common factor of 1240 and 80.
40
Calculate the greatest common factor of 168 and 72.
24
What is the highest common factor of 140 and 6020?
140
What is the greatest common factor of 1204 and 1792?
28
What is the greatest common factor of 1 and 173?
1
Calculate the highest common factor of 29350 and 25.
25
What is the highest common factor of 18 and 102?
6
What is the highest common divisor of 8 and 28?
4
Calculate the greatest common factor of 24 and 1704.
24
What is the greatest common factor of 4848 and 3939?
303
Calculate the highest common factor of 247 and 247.
247
Calculate the greatest common divisor of 171 and 8835.
57
Calculate the highest common factor of 1155 and 66.
33
Calculate the greatest common factor of 2 and 674.
2
Ca